{"id":10,"date":"2019-05-09T19:53:28","date_gmt":"2019-05-09T23:53:28","guid":{"rendered":"https:\/\/misimagenes.online\/?page_id=10"},"modified":"2025-07-17T17:13:16","modified_gmt":"2025-07-17T21:13:16","slug":"imagenes-online","status":"publish","type":"page","link":"https:\/\/misimagenes.online\/web\/","title":{"rendered":"Im\u00e1genes Online"},"content":{"rendered":"\n<p><\/p>\n\n\n\n<p>A partir de ahora podr\u00e1s compartir tus estudios siguiendo un simple enlace, con mayor velocidad, siempre disponibles. Ya no tendr\u00e1s que esperar a que cargue un CD, ni depender de una computadora o de un sistema operativo. Para poder ver tus estudios e informes, s\u00f3lo necesitar\u00e1s un navegador web y estar conectado a la red. <\/p>\n\n\n\n<figure class=\"wp-block-image aligncenter size-large\"><img loading=\"lazy\" decoding=\"async\" width=\"46\" height=\"41\" src=\"https:\/\/misimagenes.online\/web\/wp-content\/uploads\/2020\/01\/favicon2.png\" alt=\"\" class=\"wp-image-119\"\/><\/figure>\n\n\n\n<p>Todo el sistema est\u00e1 basado en <a rel=\"noreferrer noopener\" aria-label=\"Orthanc (abre en una nueva pesta\u00f1a)\" href=\"https:\/\/www.orthanc-server.com\/\" target=\"_blank\">Orthanc<\/a>, un extraordinario Servidor <a href=\"https:\/\/misimagenes.online\/web\/2020\/01\/25\/dicom\/\">DICOM<\/a> ligero y de c\u00f3digo abierto, creado por <a rel=\"noreferrer noopener\" aria-label=\"S\u00e9bastien Jodogne (abre en una nueva pesta\u00f1a)\" href=\"http:\/\/www.orthanc-labs.com\/\" target=\"_blank\">S\u00e9bastien Jodogne<\/a> del Department de F\u00edsica M\u00e9dica del <a rel=\"noreferrer noopener\" aria-label=\"University Hospital of Li\u00e8ge (abre en una nueva pesta\u00f1a)\" href=\"http:\/\/www.chuliege.be\/\" target=\"_blank\">University Hospital of Li\u00e8ge<\/a>, en B\u00e9lgica.<\/p>\n\n\n\n<figure class=\"wp-block-image aligncenter size-large\"><a href=\"https:\/\/www.orthanc-server.com\/\" target=\"_blank\" rel=\"noopener noreferrer\"><img loading=\"lazy\" decoding=\"async\" width=\"786\" height=\"250\" src=\"https:\/\/misimagenes.online\/web\/wp-content\/uploads\/2020\/03\/Orthanc.png\" alt=\"\" class=\"wp-image-269\" srcset=\"https:\/\/misimagenes.online\/web\/wp-content\/uploads\/2020\/03\/Orthanc.png 786w, https:\/\/misimagenes.online\/web\/wp-content\/uploads\/2020\/03\/Orthanc-300x95.png 300w, https:\/\/misimagenes.online\/web\/wp-content\/uploads\/2020\/03\/Orthanc-768x244.png 768w\" sizes=\"auto, (max-width: 786px) 100vw, 786px\" \/><\/a><\/figure>\n\n\n\n<p>El visor Web online funciona gracias <a rel=\"noreferrer noopener\" aria-label=\"Osimis.io (abre en una nueva pesta\u00f1a)\" href=\"http:\/\/osimis.io\" target=\"_blank\">Osimis.io<\/a>, producto de un genial grupo de desarrolladores de software que expresa en su Web: <em>\u00abCreemos que las im\u00e1genes m\u00e9dicas deben fluir libremente. Nuestro objetivo es que los equipos cl\u00ednicos puedan beneficiarse plenamente de la innovaci\u00f3n que existe y que actualmente es de dif\u00edcil acceso. Para lograr ese objetivo, utilizamos software de c\u00f3digo abierto y creamos herramientas de colaboraci\u00f3n innovadoras para im\u00e1genes m\u00e9dicas\u00bb<\/em><\/p>\n\n\n\n<figure class=\"wp-block-image aligncenter size-large\"><a href=\"https:\/\/osimis.io\" target=\"_blank\" rel=\"noopener noreferrer\"><img loading=\"lazy\" decoding=\"async\" width=\"196\" height=\"216\" src=\"https:\/\/misimagenes.online\/web\/wp-content\/uploads\/2020\/03\/Osimis_artwork_step_one-2.png\" alt=\"\" class=\"wp-image-274\"\/><\/a><\/figure>\n\n\n\n<p>Te invitamos a conocer esta novedosa manera de acceder a los estudios de im\u00e1genes de forma inteligente, y al mismo tiempo, a participar con responsabilidad en la protecci\u00f3n de tu medio ambiente. <\/p>\n\n\n\n<p>Ay\u00fadanos a <a href=\"https:\/\/misimagenes.online\/web\/2020\/03\/04\/reduce-los-desechos-electronicos-con-esta-guia-de-reciclaje-de-cd-dvd\/\">reducir el uso de CD<\/a>, pel\u00edculas, sobres, y papel, a no contaminar y a generar menos basura. No olvides compartir esta p\u00e1gina. D\u00e9janos tus comentarios para un cont\u00ednuo mejoramiento de esta novedosa herramienta, <a href=\"https:\/\/misimagenes.online\">misimagenes.online.<\/a><\/p>\n","protected":false},"excerpt":{"rendered":"<p>A partir de ahora podr\u00e1s compartir tus estudios siguiendo un simple enlace, con mayor velocidad, siempre disponibles. Ya no tendr\u00e1s que esperar a que cargue un CD, ni depender de una computadora o de un sistema operativo. Para poder ver tus estudios e informes, s\u00f3lo necesitar\u00e1s un navegador web y estar conectado a la red. [&hellip;]<\/p>\n","protected":false},"author":1,"featured_media":595,"parent":0,"menu_order":0,"comment_status":"open","ping_status":"closed","template":"","meta":{"footnotes":""},"class_list":["post-10","page","type-page","status-publish","has-post-thumbnail","hentry"],"_links":{"self":[{"href":"https:\/\/misimagenes.online\/web\/wp-json\/wp\/v2\/pages\/10","targetHints":{"allow":["GET"]}}],"collection":[{"href":"https:\/\/misimagenes.online\/web\/wp-json\/wp\/v2\/pages"}],"about":[{"href":"https:\/\/misimagenes.online\/web\/wp-json\/wp\/v2\/types\/page"}],"author":[{"embeddable":true,"href":"https:\/\/misimagenes.online\/web\/wp-json\/wp\/v2\/users\/1"}],"replies":[{"embeddable":true,"href":"https:\/\/misimagenes.online\/web\/wp-json\/wp\/v2\/comments?post=10"}],"version-history":[{"count":25,"href":"https:\/\/misimagenes.online\/web\/wp-json\/wp\/v2\/pages\/10\/revisions"}],"predecessor-version":[{"id":640,"href":"https:\/\/misimagenes.online\/web\/wp-json\/wp\/v2\/pages\/10\/revisions\/640"}],"wp:featuredmedia":[{"embeddable":true,"href":"https:\/\/misimagenes.online\/web\/wp-json\/wp\/v2\/media\/595"}],"wp:attachment":[{"href":"https:\/\/misimagenes.online\/web\/wp-json\/wp\/v2\/media?parent=10"}],"curies":[{"name":"wp","href":"https:\/\/api.w.org\/{rel}","templated":true}]}}