{"id":514,"date":"2023-01-28T06:09:52","date_gmt":"2023-01-28T10:09:52","guid":{"rendered":"https:\/\/misimagenes.online\/web\/?page_id=514"},"modified":"2023-01-28T06:36:53","modified_gmt":"2023-01-28T10:36:53","slug":"cancelar-suscripcion","status":"publish","type":"page","link":"https:\/\/misimagenes.online\/web\/cancelar-suscripcion\/","title":{"rendered":"Darse de baja"},"content":{"rendered":"\n<p>Misimagenes.online es una aplicaci\u00f3n web que hace uso del inicio de sesi\u00f3n con Facebook, pero no guarda ning\u00fan dato personal con excepci\u00f3n de su nombre y correo electr\u00f3nico para identificarlo en el servidor. Sin embargo de acuerdo a las Pol\u00edticas de Facebook, se debe implementar una devoluci\u00f3n de llamada para solicitudes de eliminaci\u00f3n de datos o proporcionar una URL con instrucciones para hacerlo.<\/p>\n\n\n\n<p>Si deseas eliminar tus actividades realizadas en misimagenes.online, puede borrar su informaci\u00f3n siguiendo los siguientes pasos:<\/p>\n\n\n\n<ol class=\"wp-block-list\">\n<li>Ingresa a tu perfil de Facebook.<\/li>\n\n\n\n<li>Ve a la p\u00e1gina de \u201cConfiguraci\u00f3n y Privacidad\u201d.<\/li>\n\n\n\n<li>Click en \u201cConfiguraci\u00f3n\u201d.<\/li>\n\n\n\n<li>Luego click en la opci\u00f3n \u201cApps y sitios web\u201d y podr\u00e1s ver todas las apps y sitios web que usted ha enlazado con su cuenta de Facebook.<\/li>\n\n\n\n<li>Busca \u00abmisimagenes.online\u00bb en la barra de b\u00fasqueda y da click en la app.<\/li>\n\n\n\n<li>Elimina la app.<\/li>\n\n\n\n<li>Felicitaciones, has borrado exitosamente tus actividades.<\/li>\n<\/ol>\n\n\n\n<p><\/p>\n\n\n<div id='ff_form_16' class='ff_form_not_render'>Debes ingresar para poder ver este formulario<\/div>\n\n<div ><div class=\"the_champ_login_container\"><ul class=\"the_champ_login_ul\"><li><i class=\"theChampLogin theChampFacebookBackground theChampFacebookLogin\" alt=\"Login with Facebook\" title=\"Login with Facebook\" onclick=\"theChampInitiateLogin(this, 'facebook')\" ><div class=\"theChampFacebookLogoContainer\"><ss style=\"display:block\" class=\"theChampLoginSvg theChampFacebookLoginSvg\"><\/ss><\/div><\/i><\/li><li><i class=\"theChampLogin theChampXBackground theChampXLogin\" alt=\"Login with X\" title=\"Login with X\" onclick=\"theChampInitiateLogin(this, 'x')\" ><ss style=\"display:block\" class=\"theChampLoginSvg theChampXLoginSvg\"><\/ss><\/i><\/li><li><i id=\"theChampGoogleButton\" class=\"theChampLogin theChampGoogleBackground theChampGoogleLogin\" alt=\"Login with Google\" title=\"Login with Google\" onclick=\"theChampInitiateLogin(this, 'google')\" ><ss style=\"display:block\" class=\"theChampLoginSvg theChampGoogleLoginSvg\"><\/ss><\/i><\/li><li><i class=\"theChampLogin theChampInstagramBackground theChampInstagramLogin\" alt=\"Login with Instagram\" title=\"Login with Instagram\" onclick=\"theChampInitiateLogin(this, 'instagram')\" ><ss style=\"display:block\" class=\"theChampLoginSvg theChampInstagramLoginSvg\"><\/ss><\/i><\/li><li><i class=\"theChampLogin theChampDropboxBackground theChampDropboxLogin\" alt=\"Login with Dropbox\" title=\"Login with Dropbox\" onclick=\"theChampInitiateLogin(this, 'dropbox')\" ><ss style=\"display:block\" class=\"theChampLoginSvg theChampDropboxLoginSvg\"><\/ss><\/i><\/li><\/ul><\/div><\/div><div style=\"clear:both\"><\/div>\n","protected":false},"excerpt":{"rendered":"<p>Misimagenes.online es una aplicaci\u00f3n web que hace uso del inicio de sesi\u00f3n con Facebook, pero no guarda ning\u00fan dato personal con excepci\u00f3n de su nombre y correo electr\u00f3nico para identificarlo en el servidor. Sin embargo de acuerdo a las Pol\u00edticas de Facebook, se debe implementar una devoluci\u00f3n de llamada para solicitudes de eliminaci\u00f3n de datos [&hellip;]<\/p>\n","protected":false},"author":192,"featured_media":0,"parent":0,"menu_order":0,"comment_status":"closed","ping_status":"closed","template":"","meta":{"footnotes":""},"class_list":["post-514","page","type-page","status-publish","hentry"],"_links":{"self":[{"href":"https:\/\/misimagenes.online\/web\/wp-json\/wp\/v2\/pages\/514","targetHints":{"allow":["GET"]}}],"collection":[{"href":"https:\/\/misimagenes.online\/web\/wp-json\/wp\/v2\/pages"}],"about":[{"href":"https:\/\/misimagenes.online\/web\/wp-json\/wp\/v2\/types\/page"}],"author":[{"embeddable":true,"href":"https:\/\/misimagenes.online\/web\/wp-json\/wp\/v2\/users\/192"}],"replies":[{"embeddable":true,"href":"https:\/\/misimagenes.online\/web\/wp-json\/wp\/v2\/comments?post=514"}],"version-history":[{"count":5,"href":"https:\/\/misimagenes.online\/web\/wp-json\/wp\/v2\/pages\/514\/revisions"}],"predecessor-version":[{"id":523,"href":"https:\/\/misimagenes.online\/web\/wp-json\/wp\/v2\/pages\/514\/revisions\/523"}],"wp:attachment":[{"href":"https:\/\/misimagenes.online\/web\/wp-json\/wp\/v2\/media?parent=514"}],"curies":[{"name":"wp","href":"https:\/\/api.w.org\/{rel}","templated":true}]}}